alse
Is 25 a factor of 19800?
True
Is 42 a factor of 3400?
False
Is 9224 a multiple of 8?
True
Does 132 divide 3045?
False
Is 621 a multiple of 24?
False
Is 99 a factor of 37175?
False
Is 6 a factor of 892?
False
Does 60 divide 5290?
False
Does 80 divide 1446?
False
Is 112 a factor of 4000?
False
Is 1390 a multiple of 7?
False
Is 22914 a multiple of 41?
False
Is 21906 a multiple of 10?
False
Is 5018 a multiple of 21?
False
Does 16 divide 176?
True
Does 12 divide 2943?
False
Is 127454 a multiple of 352?
False
Does 12 divide 480?
True
Does 14 divide 24704?
False
Does 11 divide 27928?
False
Does 10 divide 8761?
False
Is 8391 a multiple of 123?
False
Does 3 divide 964?
False
Does 3 divide 1446?
True
Does 14 divide 3466?
False
Is 66 a factor of 70752?
True
Is 18 a factor of 2448?
True
Is 11 a factor of 3688?
False
Is 11 a factor of 242?
True
Does 55 divide 2161?
False
Is 32 a factor of 2887?
False
Does 23 divide 26450?
True
Is 19 a factor of 2717?
True
Is 1239 a multiple of 34?
False
Is 12 a factor of 588?
True
Does 14 divide 5827?
False
Is 11 a factor of 63096?
True
Does 3 divide 56?
False
Is 5 a factor of 250?
True
Is 3328 a multiple of 104?
True
Does 40 divide 15760?
True
Does 78 divide 7254?
True
Is 482 a multiple of 2?
True
Is 921 a multiple of 16?
False
Is 77 a factor of 1766?
False
Is 7 a factor of 476?
True
Is 2054 a multiple of 5?
False
Does 15 divide 485?
False
Is 14538 a multiple of 37?
False
Is 9 a factor of 1359?
True
Is 799 a multiple of 21?
False
Is 23115 a multiple of 201?
True
Is 9 a factor of 234?
True
Is 7 a factor of 267?
False
Is 22 a factor of 16610?
True
Is 93 a factor of 15838?
False
Does 5 divide 6310?
True
Is 396 a multiple of 66?
True
Is 11 a factor of 55?
True
Is 9 a factor of 639?
True
Is 34 a multiple of 17?
True
Does 23 divide 2300?
True
Is 58 a factor of 1308?
False
Is 6971 a multiple of 57?
False
Does 5 divide 29350?
True
Is 6 a factor of 4887?
False
Does 35 divide 2065?
True
Is 42 a factor of 10920?
True
Is 29 a factor of 2958?
True
Does 19 divide 69?
False
Is 17241 a multiple of 21?
True
Is 26 a factor of 18148?
True
Is 3511 a multiple of 5?
False
Does 18 divide 9718?
False
Is 22590 a multiple of 6?
True
Is 273 a multiple of 7?
True
Is 4803 a multiple of 118?
False
Is 5038 a multiple of 11?
True
Is 3960 a multiple of 55?
True
Does 35 divide 4060?
True
Is 870 a multiple of 87?
True
Is 134 a factor of 2546?
True
Is 500 a multiple of 50?
True
Does 48 divide 4739?
False
Is 3542 a multiple of 46?
True
Is 14 a factor of 1470?
True
Does 8 divide 11048?
True
Is 594 a multiple of 6?
True
Is 53658 a multiple of 11?
True
Does 51 divide 2687?
False
Is 72 a factor of 239?
False
Does 9 divide 9?
True
Does 5 divide 95?
True
Is 54 a multiple of 7?
False
Is 6 a factor of 676?
False
Is 5 a factor of 60?
True
Is 9 a factor of 1115?
False
Is 12 a factor of 36?
True
Is 2176 a multiple of 64?
True
Is 14970 a multiple of 30?
True
Is 545 a multiple of 12?
False
Is 71 a multiple of 4?
False
Is 6 a factor of 761?
False
Is 138 a multiple of 46?
True
Is 48 a factor of 252?
False
Is 7 a factor of 45157?
True
Does 68 divide 98464?
True
Is 630 a multiple of 10?
True
Does 28 divide 19047?
False
Is 14147 a multiple of 47?
True
Does 11 divide 1491?
False
Is 47118 a multiple of 56?
False
Does 96 divide 2634?
False
Is 198 a factor of 2286?
False
Does 5 divide 19?
False
Is 2 a factor of 5960?
True
Does 48 divide 15686?
False
Is 32314 a multiple of 16?
False
Is 340 a multiple of 5?
True
Is 6 a factor of 120?
True
Does 13 divide 1639?
False
Does 12 divide 1239?
False
Is 6193 a multiple of 10?
False
Is 20 a factor of 2260?
True
Is 14248 a multiple of 8?
True
Is 304 a multiple of 8?
True
Is 69 a factor of 69?
True
Is 205 a factor of 37925?
True
Does 41 divide 8036?
True
Is 6925 a multiple of 32?
False
Is 59670 a multiple of 17?
True
Does 3 divide 345?
True
Is 45 a factor of 13410?
True
Is 16 a factor of 80954?
False
Is 29365 a multiple of 41?
False
Does 2 divide 1076?
True
Does 34 divide 26731?
False
Does 3 divide 987?
True
Does 13 divide 9282?
True
Is 1626 a multiple of 17?
False
Is 16 a factor of 1408?
True
Is 20 a factor of 7700?
True
Does 10 divide 1552?
False
Is 3030 a multiple of 101?
True
Is 588 even?
True
Is 211 a factor of 6812?
False
Is 2086 a multiple of 149?
True
Is 135 a multiple of 27?
True
Is 7840 a multiple of 16?
True
Does 62 divide 1462?
False
Does 8 divide 1422?
False
Does 14 divide 20328?
True
Is 5846 a multiple of 9?
False
Is 1834 a multiple of 131?
True
Is 15 a factor of 1770?
True
Does 7 divide 4633?
False
Is 1959 a multiple of 23?
False
Is 19 a factor of 2044?
False
Does 20 divide 2620?
True
Is 9486 a multiple of 186?
True
Is 697 a multiple of 41?
True
Does 6 divide 27532?
False
Does 14 divide 21154?
True
Does 3 divide 222?
True
Is 5 a factor of 1925?
True
Does 13 divide 55359?
False
Is 330 a multiple of 5?
True
Does 4 divide 929?
False
Is 73 a factor of 1299?
False
Is 6750 a multiple of 6?
True
Is 28389 a multiple of 103?
False
Is 2834 a multiple of 26?
True
Is 50 a factor of 319?
False
Is 2909 a multiple of 54?
False
Is 17 a factor of 2195?
False
Is 240 a multiple of 12?
True
Is 33467 a multiple of 7?
True
Does 4 divide 84?
True
Is 735 a multiple of 31?
False
Is 4 a factor of 408?
True
Is 300 a multiple of 9?
False
Does 7 divide 42784?
True
Is 2151 a multiple of 9?
True
Does 26 divide 36790?
True
Is 16384 a multiple of 128?
True
Does 29 divide 1508?
True
Is 575 a multiple of 18?
False
Is 28 a factor of 280?
True
Does 79 divide 2260?
False
Is 1166 a multiple of 23?
False
Is 77 a factor of 5284?
False
Is 2348 a multiple of 62?
False
Is 29130 a multiple of 30?
True
Is 2 a factor of 11277?
False
Is 969 even?
False
Is 6 a factor of 1116?
True
Does 19 divide 2299?
True
Is 132 a multiple of 2?
True
Is 1591 a multiple of 37?
True
Is 691 a multiple of 16?
False
Is 2 a factor of 724?
True
Is 73038 a multiple of 94?
True
Does 95 divide 2148?
False
Is 29 a factor of 1972?
True
Is 14176 a multiple of 8?
True
Is 339 a multiple of 2?
False
Is 2091 a multiple of 21?
False
Is 547 a multiple of 18?
False
Does 32 divide 77240?
False
Is 59 a factor of 1159?
False
Does 64 divide 16039?
False
Does 29 divide 515?
False
Is 2087 a multiple of 101?
False
Is 6427 a multiple of 75?
False
Does 125 divide 15282?
False
Is 3776 a multiple of 78?
False
Is 74001 a multiple of 381?
False
Is 156 a factor of 16291?
False
Is 344 a multiple of 36?
False
Is 229 a multiple of 9?
False
Does 19 divide 2078?
False
Is 7 a factor of 229?
False
Does 11 divide 968?
True
Is 9 a multiple of 9?
True
Is 10 a factor of 740?
True
Is 6 a factor of 18114?
True
Does 5 divide 14205?
True
Is 247 a multiple of 13?
True
Is 312 a multiple of 13?
True
Does 17 divide 4243?
False
Does 36 divide 2808?
True
Is 12 a factor of 4856?
False
Does 9 divide 2088?
True
Does 10 divide 2070?
True
Is 8 a factor of 492?
False
Does 75 divide 5775?
True
Is 25319 a multiple of 26?
False
Does 11 divide 5325?
False
Is 17 a factor of 6375?
True
Does 29 divide 196?
False
Does 41 divide 1099?
False
Is 63 a factor of 882?
True
Is 1680 a multiple of 16?
True
Is 4 a factor of 11164?
True
Is 88 a multiple of 18?
False
Is 1140 a multiple of 19?
True
Does 5 divide 245?
True
Is 5 a factor of 116?
False
Does 34 divide 5814?
True
Is 43 a factor of 2855?
False
Is 2997 a multiple of 3?
True
Is 405 a multiple of 27?
True
Is 148 a factor of 44992?
True
Does 14 divide 4692?
False
Is 3337 a multiple of 2?
False
Is 37161 a multiple of 105?
False
Does 30 divide 4891?
False
Does 60 divide 5391?
False
Is 13 a factor of 55120?
True
Is 46 a factor of 2116?
True
Is 2568 a multiple of 24?
True
Is 35960 a multiple of 232?
True
Does 29 divide 72077?
False
Does 92 divide 5540?
False
Is 99 a factor of 1188?
True
Is 290 a multiple of 5?
True
Is 3 a factor of 267?
True
Is 79 a multiple of 79?
True
Does 14 divide 4438?
True
Does 12 divide 15303?
False
Is 2376 a multiple of 36?
True
Is 81 a factor of 4500?
False
Is 17 a factor of 27879?
False
Is 53 a factor of 11836?
False
Is 14 a factor of 742?
True
Does 2 divide 148?
True
Is 2816 a multiple of 22?
True
Does 12 divide 1380?
True
Does 36 divide 11190?
False
Is 920 a multiple of 23?
True
Is 51184 a multiple of 16?
True
Does 16 divide 23136?
True
Is 12 a factor of 624?
True
Is 360 a multiple